 -179.
-99
What is the value of (-5 - (-2 - 6) - (-14 - 15)) + -8?
24
(1 - -3) + (-1798 + 1790 - (0 + (-1 - 12)))
9
What is (6 - -13) + 0 + -10 + 4 + -73?
-60
-5 + -1 + (81 - 85 - (-11 - -1) - 12)
-12
Calculate (3 - (1 - 19)) + 73 + -41 + -29.
24
Calculate (88 - 179) + 5 - -26.
-60
What is the value of -8 + 127 - (-1174 - -1194)?
99
5622 + -5737 + 19 + (1 - 1)
-96
Evaluate -53 - (2 - 1 - (30 + -25 + -4) - -4).
-57
(-107 - -94) + -1 + 14 + (21 - 18)
3
What is the value of 57 + 55 + 5 + -61?
56
What is (-2 - 0 - -2 - 1) + -57 - (-153 + 153)?
-58
What is 7 + -14 + 23 + -9 + 6?
13
(19 - 7 - -19 - 15) + -14
2
Calculate -1 - (4 - (132 + -1)) - (-262 - -270).
118
3 + 29 - (-13 + (3 - (-1 + -5)) - -7)
29
Calculate (-71 - -71) + (-44 - (-1 + 3 + 3)).
-49
What is (67 - 3) + 1158 + -1274?
-52
Calculate 0 + 86 - (18 + -19 - (-2 + 3 + 11)).
99
Evaluate -62 + (-13 - (11 - 81)).
-5
Evaluate 50 - -45 - (12 + 6 + 2 + (-9 - 3)).
87
5 - (6 + -15 + 11 + (75 - 3)) - -7
-62
Evaluate 684 - 707 - (3 + (-70 - 5)).
49
(39 - 6) + -40 + -106 + -27
-140
What is the value of -122 - -88 - (-41 - 80) - (-1 - -1 - -13)?
74
-1 + 11 + 1 + -547 + 534
-2
Evaluate 56 - (8 + (5 - (1 + -9)) + -35).
70
48 - 66 - (11 + 11 + -3)
-37
Calculate 11 + -1 + -1 + (-10 - 46 - -6).
-41
Calculate -1 - 0 - 34 - ((36 - -11) + (18 - 77)).
-23
-88 + 16 + 8 + 63
-1
What is the value of (-27 + (18 - -49) - 1) + 27?
66
Evaluate (-35 - (-38 + 12)) + (123 - -1 - 12).
103
Evaluate 69 + (-24 - (-5 + 3)) + (13 - -4).
64
(19 - 20 - 14) + (27 - 3)
9
What is 12 - ((-14 - (-1 - (-5 - -2))) + -8354 + 8368)?
14
What is -23 - (48 + -88 + 43 - (14 - 3))?
-15
What is (-5 - -193) + -1856 + 1763?
95
(246 + -235 - (11 - 2)) + 29
31
29 - (25 + -49 + 36) - (55 + -2)
-36
Calculate -75 + 20 + -1 + -5 - -16.
-45
Calculate -1 - 26 - (2458 + -2415).
-70
65 - (128 - (105 + -35))
7
Calculate 504 + -468 + (12 - 1 - (-2 - -2)).
47
What is 380 - (181 - -300) - (0 - 38)?
-63
Calculate -39 + 1 + (-69 + 33 - -57) + -34.
-51
What is the value of -27 + 45 - ((17 - 13) + -7)?
21
What is the value of 6 + -4 - (669 - 652)?
-15
What is the value of -38 + -9 - 6 - 40?
-93
What is 2 - ((8 - 7) + 34 - (16 - 26))?
-43
What is (66 + -79 - -27) + 33?
47
What is the value of -64 - (32 - -24 - 79)?
-41
Calculate (2 - 4) + (10 + 15 + -27 + -26 - 1).
-31
Evaluate (1 - 12) + -73 + (140 - 84).
-28
(-5 - (2 + 0 + -8) - (0 + 1)) + 35
35
Evaluate 109 - (-506 + 492 - (-2 - ((0 - -2) + 11))).
108
-11 + 0 - (-859 - -811)
37
Evaluate -19 + -33 + 37 - -43.
28
Evaluate (-12 - (-7 + -1 + 2)) + (438 - 368).
64
8 - (-4 + -1 + 4 + (-34 - -32) - 2)
13
-7 - (11 - -13) - (0 - (-5 + (3 - -2)))
-31
What is the value of 66 - (-1 + 18 - -31)?
18
What is the value of (-1 - 31) + (-472 - -516) + (4 - 41)?
-25
Evaluate (-4 - -7) + -11 - ((-44 - 9) + 4).
41
-77 + 119 + -164 + 81
-41
What is (-34 - 3) + (-34 - -63) - (11 - 1)?
-18
(3 - -5) + (-19 - -31) + 9
29
(-50 - (-7 + -23)) + (109 + 6 - 9)
86
What is (25 - (-16 - -26)) + 1 + 20?
36
What is 95 - (21 + (141 - 134))?
67
Evaluate -67 + 27 + -22 + -5.
-67
What is the value of -21 + 16 + 26 + -2 + -1?
18
Evaluate (6 - (6 - -5)) + 9 - 20 - (-29 + 31).
-18
What is the value of 53 + (1 + 7 - (29 + (28 - (-29 - -88))))?
63
-48 - 3 - (250 - 260)
-41
Evaluate -13 + (-6 + 8 - (3 - (11 - 6))) + 57.
48
(18 - (-11 - -35)) + (5 - 3 - 38)
-42
Evaluate -44 + (-8 - ((-38 - (-13 + 4)) + 10)).
-33
Calculate -20 + (45 - 70) - -138.
93
What is the value of -38 - (-106 - -230 - 267)?
105
Calculate (-1 - -39) + 95 + -407 + 200.
-74
What is the value of (-142 - (75 - 282)) + -137?
-72
17511 - 17459 - (30 - -1)
21
What is -420 - -355 - (-7 - 112)?
54
What is 7 - ((56 - 96) + 47)?
0
What is -70 + 0 + 21 + -190 + 167?
-72
What is the value of (-9 - -13 - -43) + 27 + -9?
65
What is the value of (-6 - 1 - (-11 + -38)) + 5 + -18 + 29?
58
Calculate -55 + (-29 - -104) + -9.
11
-27 + (20 - (23 + -4))
-26
Evaluate -16 + -7 + -15 + 23 + 2 + -2 + 7.
-8
What is (20 - 28) + -134 + (-1 - -13 - -2) + 0?
-128
Calculate -11 - (-8 + 0 + (-27 + 1 - -32)).
-9
Evaluate (-712 - -604) + -3 + (-2 - (4 - 4)).
-113
What is -83 + 16 + 40 + 6?
-21
Evaluate 4 + (6 - 10) - (-1 - (-5 - -4)) - -22.
22
What is 12 - (79 - (68 + -70))?
-69
What is -2 + -24 + (-2 - 12 - (40 + -50))?
-30
What is (-23 - (-3 - -3)) + -108 + 92?
-39
Calculate 1 + 69 + (-691 - -662).
41
What is 80 + (-140 + 58 - -15)?
13
What is -42 - (-567 - -555 - (-10 - (1 - -1)))?
-42
Evaluate 6 + -71 + 86 - 31.
-10
What is (-53 + -26 - -46) + 59?
26
What is 112 + -89 + (-1 - (-3 + 51))?
-26
What is -40 + 32 + (29 - 49) + 1 + 1 + -4?
-30
(-67 - (-14 - (7 + 31))) + (-9 - 0)
-24
What is the value of -810 + 720 - (23 - -3)?
-116
(-1 - -13) + -17 - (64 - 62)
-7
What is -6 + (8 - 10) - (5 - (4 + (-9 - 7)))?
-25
What is 119 + -2 + 14 + 307 + -339?
99
What is the value of 17 + 32 + 5 - 59?
-5
What is -10 + (3 + -10 - 1) + (1 - 2) + 6?
-13
Calculate 0 - 142 - (101 + -207).
-36
What is the value of -22 - -2 - (-8458 - -8371)?
67
Calculate 58 + -17 + -31 + 4 + 0 + -4.
10
Calculate (-37 - -453) + -411 - (2 + -4 + (-31 - -1)).
37
Evaluate -12 - 0 - (48 - (16 - -29)).
-15
Calculate 1 - 14 - (-49 + (-15 - (19 + -25))).
45
What is -79 + -28 + 160 - (-1 + 2 + 12)?
40
Calculate 24 + -22 - (-3 - (37 - -3)) - 5.
40
What is the value of -152 - (2 - (10 + 37)) - -46?
-61
Calculate (1 - 0) + (92 - (135 - 12)).
-30
What is the value of 1 - (-5 + 9) - (19 - (-10 - -63))?
31
Calculate 1 + -34 + (-437 - -431) + -9.
-48
Evaluate (5 - 3) + -31 - (309 - 279).
-59
What is -47 + (82 - 44) + (-4 - ((99 - -1) + 0))?
-113
What is the value of -5 - (18 - 25 - -6) - (-12 + 3 + 2)?
3
Calculate 92 + -128 + (0 - (3 - (6 + -1 + -2))).
-36
Evaluate 68 + -8 - (-511 - -567).
4
Evaluate (-8 - -21) + (-7 - ((46 - 1) + 7)).
-46
Evaluate -40 - (-17 + -16 + -37).
30
What is the value of -13 + -7 + (2 - -3) + 25 + -15 + 2?
-3
What is 1 - (-109 + 2 - (0 + 15 + -743 + 729))?
109
What is -5 + -35 - -42 - (-7 + -4)?
13
What is -10 + (63 - ((0 - 24) + 47))?
30
Evaluate -6 + -8 + 4 + (15 - (-8 - -24)) + -5.
-16
Calculate (19773 - 19786) + -82 + 1 + 0.
-94
What is -14 + (18 - 8) + (5 + -2 - (64 - 61))?
-4
Calculate 41 + (-61 - -24) + 46.
50
Evaluate 227 + -217 + -3 + (9 + -8 - 7).
1
What is (46 - 3) + -136 + -50 + 177?
34
Calculate (-15764 - -15801) + (18 - -1).
56
Evaluate -84 + 1 + 2623 + -2544.
-4
Evaluate 12 + -10 + 21 + (-76 - 9 - -11 - -5).
-46
What is (110 - (3 + 14)) + -20 - 4?
69
29 - (72 + -37) - (-1 + 3 - -28)
-36
Calculate 256 + -270 - (-123 - (3 - 1 - (-23 + 19))).
115
What is -160 + 21 + 51 - -59?
-29
Calculate -330 - -140 - -204 - (0 + 27 + 0).
-13
Evaluate (-23 + 4 + 32 - 6) + -40.
-33
Evaluate -40 + (63 - 39) - (-74 + 3).
55
What is (-46 - -46) + (1 + -3 - 62) + 49 + -53?
-68
Evaluate (-1 - -10 - (-56 + 61)) + (-4 - -89).
89
What is -19 - (-30 - (-55 + -1))?
-45
(-1 - -9 - 5) + 15 + (11 - -23)
52
Evaluate 1164 + -1183 - (-1 + (-3 - -8) + 74).
-97
What is the value of (2 - -5) + (-57 - (21 + -11 - 7))?
-53
Calculate (1 - -4) + 1355 + -1304.
56
What is (-16 - -29 - 31) + (-13 - -26) + -21?
-26
-9 + -41 + (-4 - -13) + -4
-45
What is 32 - (-39 - (-31 - -7)) - (-12 - 3 - -4)?
58
-91 - (-1 - (-27 - 3) - (-497 - -515))
-102
What is -828 + 771 + (3 - -24) - -170?
140
-10 - -1 - (-9083 - -9075)
-1
Evaluate -1 - -124 - (57 - 70 - 39 - -51).
124
What is the value of 96 + -8 + 12 - (-5 - -15) - (-6 + 18)?
78
Evaluate -55 + 46 - -6 - (-1 + 8 + 52).
-62
181 + -226 - (-63 - (11 + -25))
4
What is the value of -1162 - -1070 - (-3 + -2)?
-87
(-43 - -55) + -108 + 121 + (-9 - (2 - 3))
17
Calculate (10 - 5) + 46 + -47 + -26 + 4.
-18
Evaluate 762 + -755 - (2 - 29).
34
Evaluate -3 + -90 - (176 + -200 - 8).
-61
Calculate -48 - (-8 + (-25 - -53) + -21).
-47
-17 + 5 + 23 - (6 - (34 - 16))
23
Calculate -6 + (0 - -41) - 31 - 43.
-39
What is -28 + (18 - (60 - (-38 - -36)))?
-72
What is 6 - (6 + -9) - (-2 + 53 + -3)?
-39
Calculate (-31 - (-19 - 13)) + (20 - -1).
22
26 + (2 - 1) - (82 + 6 + -93)
32
-139 - (32 - (43 + 44))
-84
(26 - (8 - 7)) + (11 - 9) + 12
39
Evaluate (-3 + 83 - 73) + -3 + 13.
17
3453 - 3541 - (0 - 181)
93
What is -1 - 43 - (-49 + (37 - -19))?
-51
What is the value of (127 - 82) + -36 - (0 + -1 - 0)?
10
What is the value of 160 - 139 - (-12 - -25)?
8
What is the v